f 3432?
3
What is the tens digit of 4541?
4
What is the thousands digit of 29803?
9
What is the hundreds digit of 13725?
7
What is the hundreds digit of 1238?
2
What is the hundreds digit of 44537?
5
What is the hundreds digit of 147?
1
What is the thousands digit of 1806?
1
What is the ten thousands digit of 25462?
2
What is the units digit of 637?
7
What is the units digit of 10066?
6
What is the hundreds digit of 2901?
9
What is the ten thousands digit of 85678?
8
What is the tens digit of 6151?
5
What is the tens digit of 10603?
0
What is the hundreds digit of 8115?
1
What is the tens digit of 1964?
6
What is the hundreds digit of 161?
1
What is the hundreds digit of 184?
1
What is the hundreds digit of 119?
1
What is the units digit of 17345?
5
What is the hundreds digit of 495?
4
What is the hundreds digit of 1929?
9
What is the thousands digit of 8169?
8
What is the tens digit of 39?
3
What is the units digit of 2903?
3
What is the units digit of 929?
9
What is the tens digit of 9773?
7
What is the tens digit of 531?
3
What is the hundreds digit of 12224?
2
What is the thousands digit of 5093?
5
What is the tens digit of 14293?
9
What is the tens digit of 17693?
9
What is the hundreds digit of 5457?
4
What is the tens digit of 17365?
6
What is the tens digit of 3834?
3
What is the hundreds digit of 27151?
1
What is the units digit of 3385?
5
What is the tens digit of 12874?
7
What is the thousands digit of 30865?
0
What is the hundreds digit of 5326?
3
What is the thousands digit of 7004?
7
What is the units digit of 880?
0
What is the ten thousands digit of 74945?
7
What is the hundreds digit of 41099?
0
What is the hundreds digit of 46618?
6
What is the ten thousands digit of 68461?
6
What is the tens digit of 1265?
6
What is the hundreds digit of 403?
4
What is the hundreds digit of 8000?
0
What is the units digit of 1276?
6
What is the units digit of 8832?
2
What is the units digit of 881?
1
What is the units digit of 754?
4
What is the ten thousands digit of 36402?
3
What is the units digit of 82726?
6
What is the units digit of 811?
1
What is the hundreds digit of 13141?
1
What is the thousands digit of 1145?
1
What is the units digit of 1576?
6
What is the thousands digit of 10367?
0
What is the tens digit of 2840?
4
What is the units digit of 370?
0
What is the tens digit of 942?
4
What is the hundreds digit of 65921?
9
What is the hundreds digit of 19085?
0
What is the tens digit of 6821?
2
What is the units digit of 3422?
2
What is the units digit of 55?
5
What is the hundreds digit of 4625?
6
What is the units digit of 1059?
9
What is the thousands digit of 19528?
9
What is the hundreds digit of 91328?
3
What is the units digit of 1317?
7
What is the ten thousands digit of 165809?
6
What is the units digit of 2634?
4
What is the units digit of 13882?
2
What is the thousands digit of 13100?
3
What is the units digit of 597?
7
What is the thousands digit of 11491?
1
What is the hundreds digit of 9869?
8
What is the thousands digit of 18821?
8
What is the hundreds digit of 2462?
4
What is the units digit of 8341?
1
What is the tens digit of 15?
1
What is the tens digit of 100210?
1
What is the thousands digit of 11420?
1
What is the tens digit of 2618?
1
What is the units digit of 1114?
4
What is the tens digit of 6495?
9
What is the units digit of 345?
5
What is the tens digit of 21787?
8
What is the thousands digit of 4453?
4
What is the hundreds digit of 1568?
5
What is the hundreds digit of 615?
6
What is the hundreds digit of 41991?
9
What is the units digit of 4019?
9
What is the hundreds digit of 42149?
1
What is the units digit of 1750?
0
What is the units digit of 1745?
5
What is the hundreds digit of 2713?
7
What is the ten thousands digit of 11142?
1
What is the hundreds digit of 6978?
9
What is the thousands digit of 2057?
2
What is the units digit of 15286?
6
What is the units digit of 271?
1
What is the hundreds digit of 471?
4
What is the hundreds digit of 1909?
9
What is the tens digit of 800?
0
What is the units digit of 1692?
2
What is the tens digit of 470?
7
What is the hundreds digit of 9711?
7
What is the units digit of 10823?
3
What is the tens digit of 37314?
1
What is the tens digit of 1104?
0
What is the thousands digit of 2594?
2
What is the thousands digit of 2689?
2
What is the units digit of 10847?
7
What is the hundreds digit of 1393?
3
What is the tens digit of 10279?
7
What is the units digit of 1584?
4
What is the hundreds digit of 138?
1
What is the hundreds digit of 1823?
8
What is the tens digit of 2026?
2
What is the tens digit of 15057?
5
What is the thousands digit of 1186?
1
What is the hundreds digit of 2200?
2
What is the hundreds digit of 42987?
9
What is the thousands digit of 35339?
5
What is the hundreds digit of 12677?
6
What is the ten thousands digit of 16286?
1
What is the units digit of 3468?
8
What is the thousands digit of 3647?
3
What is the units digit of 7371?
1
What is the tens digit of 755?
5
What is the units digit of 8400?
0
What is the units digit of 23972?
2
What is the hundreds digit of 70584?
5
What is the units digit of 3314?
4
What is the tens digit of 1230?
3
What is the thousands digit of 2065?
2
What is the units digit of 237?
7
What is the units digit of 583?
3
What is the thousands digit of 102734?
2
What is the tens digit of 14983?
8
What is the units digit of 340?
0
What is the units digit of 16581?
1
What is the tens digit of 25856?
5
What is the thousands digit of 7744?
7
What is the tens digit of 1124?
2
What is the thousands digit of 7986?
7
What is the hundreds digit of 1251?
2
What is the thousands digit of 10160?
0
What is the tens digit of 667?
6
What is the units digit of 2258?
8
What is the hundreds digit of 12731?
7
What is the tens digit of 88169?
6
What is the thousands digit of 1422?
1
What is the units digit of 65625?
5
What is the thousands digit of 7896?
7
What is the thousands digit of 1417?
1
What is the units digit of 1266?
6
What is the units digit of 1018?
8
What is the hundreds digit of 14570?
5
What is the thousands digit of 1226?
1
What is the hundreds digit of 834?
8
What is the units digit of 2746?
6
What is the thousands digit of 36096?
6
What is the tens digit of 1959?
5
What is the hundreds digit of 473?
4
What is the thousands digit of 3781?
3
What is the units digit of 85?
5
What is the units digit of 14770?
0
What is the units digit of 40349?
9
What is the hundreds digit of 34808?
8
What is the hundreds digit of 4105?
1
What is the thousands digit of 45760?
5
What is the units digit of 12674?
4
What is the hundreds digit of 71172?
1
What is the hundreds digit of 54046?
0
What is the units digit of 1877?
7
What is the units digit of 21494?
4
What is the hundreds digit of 38947?
9
What is the units digit of 490?
0
What is the units digit of 763?
3
What is the units digit of 9346?
6
What is the tens digit of 761?
6
What is the tens digit of 6492?
9
What is the tens digit of 2462?
6
What is the hundreds digit of 6633?
6
What is the thousands digit of 7831?
7
What is the tens digit of 13469?
6
What is the thousands digit of 4000?
4
What is the tens digit of 156872?
7
What is the units digit of 3050?
0
What is the thousands digit of 2292?
2
What is the hundreds digit of 20155?
1
What is the thousands digit of 15867?
5
What is the units digit of 40288?
8
What is the hundreds digit of 54217?
2
What is the tens digit of 22289?
8
What is the thousands digit of 3480?
3
What is the hundreds digit of 4719?
7
What is the hundreds digit of 1594?
5
What is the ten thousands digit of 52084?
5
What is the hundreds digit of 21022?
0
What is the thousands digit of 3249?
3
What is the ten thousands digit of 11055?
1
What is the units digit of 1852?
2
What is the hundreds digit of 5543?
5
What is the tens digit of 51121?
2
What is the tens digit of 2512?
1
What is the hundreds digit of 4204?
2
What is the tens digit of 31523?
2
What is the units digit of 17391?
1
What is the units digit of 33249?
9
What is the hundreds digit of 822?
8
What is the thousands digit of 1339?
1
What is the units digit of 3200?
0
What is the hundreds digit of 30602?
6
What is the tens digit of 8335?
3
What is the units digit of 1814?
4
What is the units digit of 